{"id":166,"date":"2025-11-18T21:54:25","date_gmt":"2025-11-18T21:54:25","guid":{"rendered":"https:\/\/cyberdome.com.tr\/?page_id=166"},"modified":"2025-12-07T10:55:43","modified_gmt":"2025-12-07T10:55:43","slug":"ayk-300","status":"publish","type":"page","link":"https:\/\/cyberdome.com.tr\/index.php\/ayk-300\/","title":{"rendered":"AYK-300"},"content":{"rendered":"\n<p>    Birinci s\u0131n\u0131f AX ev eri\u015fim noktam\u0131z. T\u00fcm i\u015flem g\u00fcc\u00fc ve h\u0131z\u0131yla evinizin ihtiyac\u0131 olabilir. Gen 6 kablosuz, 2.5 Gigabit Ethernet, PoE, WPA3 ve daha fazlas\u0131!<\/p>\n\n\n\n<div class=\"wp-block-columns is-layout-flex wp-container-core-columns-is-layout-9d6595d7 wp-block-columns-is-layout-flex\">\n<div class=\"wp-block-column is-layout-flow wp-block-column-is-layout-flow\">\n<figure class=\"wp-block-image size-large\"><img loading=\"lazy\" decoding=\"async\" width=\"683\" height=\"1024\" src=\"https:\/\/cyberdome.com.tr\/wp-content\/uploads\/2025\/12\/yeni-urun-1-1-683x1024.jpg\" alt=\"\" class=\"wp-image-392\" srcset=\"https:\/\/cyberdome.com.tr\/wp-content\/uploads\/2025\/12\/yeni-urun-1-1-683x1024.jpg 683w, https:\/\/cyberdome.com.tr\/wp-content\/uploads\/2025\/12\/yeni-urun-1-1-200x300.jpg 200w, https:\/\/cyberdome.com.tr\/wp-content\/uploads\/2025\/12\/yeni-urun-1-1-768x1152.jpg 768w, https:\/\/cyberdome.com.tr\/wp-content\/uploads\/2025\/12\/yeni-urun-1-1.jpg 1024w\" sizes=\"auto, (max-width: 683px) 100vw, 683px\" \/><\/figure>\n<\/div>\n\n\n\n<div class=\"wp-block-column is-layout-flow wp-block-column-is-layout-flow\">\n<p><strong>T\u00fcm eviniz i\u00e7in \u00fcst\u00fcn g\u00fc\u00e7<\/strong><\/p>\n\n\n\n<p><strong>AYK-300<\/strong>, \u015fimdiye kadarki en iyi kablosuz a\u011f kapsama alan\u0131na sahip en g\u00fc\u00e7l\u00fc AX cihaz\u0131m\u0131zd\u0131r. 1.8 GHz h\u0131z\u0131nda \u00e7al\u0131\u015fan modern bir&nbsp;<strong>d\u00f6rt \u00e7ekirdekli ARM CPU\u2019ya<\/strong>&nbsp;ve \u00e7o\u011fu g\u00f6rev i\u00e7in yeterli belle\u011fe (<strong>1 GB RAM + 128 MB NAND<\/strong>) sahiptir. Karma\u015f\u0131k g\u00fcvenlik duvar\u0131 kurallar\u0131, IPsec donan\u0131m \u015fifrelemesi, Wireguard, BGP, geli\u015fmi\u015f y\u00f6nlendirme veya birden fazla uzaktan \u00e7al\u0131\u015fma VPN t\u00fcneli, ailenizin rahat bir \u015fekilde gezinmesini, yay\u0131n izlemesini, oyun oynamas\u0131n\u0131 vb. engellemez. Herkese yetecek kadar i\u015flem g\u00fcc\u00fc var. Ve t\u00fcm depolama ama\u00e7lar\u0131n\u0131z i\u00e7in h\u0131zl\u0131 bir&nbsp;<strong>USB 3<\/strong>&nbsp;ba\u011flant\u0131 noktas\u0131 veya ek bir LTE modem ekledik.<\/p>\n<\/div>\n<\/div>\n\n\n\n<p><strong>AX kablosuz \u2013 bir baz istasyonu kadar g\u00fc\u00e7l\u00fc<\/strong><\/p>\n\n\n\n<p>    Genel kurulumunuza ba\u011fl\u0131 olarak, AX \u00fcr\u00fcn ailemiz 5 GHz\u2019de %40\u2019a kadar daha y\u00fcksek h\u0131z ve 2,4 GHz spektrumunda&nbsp;<strong>%90\u2019a kadar daha y\u00fcksek h\u0131z<\/strong>&nbsp;sunar! G\u00fc\u00e7l\u00fc harici antenler (yerle\u015fik RP-SMA di\u015fi ba\u011flant\u0131 noktalar\u0131 arac\u0131l\u0131\u011f\u0131yla) 5,5 dBi\u2019ye kadar kazan\u00e7 elde etmenizi sa\u011flar, b\u00f6ylece Wi-Fi G\u00fc\u00e7lendiricileri ve di\u011fer hileleri unutabilirsiniz.&nbsp;<strong>T\u00fcm daireniz i\u00e7in sorunsuz ve h\u0131zl\u0131 ba\u011flant\u0131<\/strong>&nbsp;\u2013 Medium-Box i\u015fte b\u00f6yle \u00e7al\u0131\u015f\u0131r. Ev a\u011f\u0131 h\u0131zlar\u0131 ciddile\u015fiyor.&nbsp;<strong>4x Gigabit Ethernet ba\u011flant\u0131 noktas\u0131 ve ultra h\u0131zl\u0131 2,5 Gigabit ba\u011flant\u0131 noktas\u0131 vard\u0131r.<\/strong><\/p>\n\n\n\n<p><strong>Bir\u00e7ok y\u00f6nden daha g\u00fcvenli<\/strong><\/p>\n\n\n\n<p>     Medium-Box&nbsp;zihninizi ayn\u0131 anda birden fazla d\u00fczeyde rahatlatabilir.&nbsp;Gerekli t\u00fcm g\u00fcvenlik politikalar\u0131na tam uyum sa\u011flar.&nbsp;<strong>\u00c7oklu g\u00fc\u00e7 se\u00e7enekleri&nbsp;<\/strong>(DC Jak &amp; PoE-in), potansiyel kesinti s\u00fcresi hakk\u0131nda daha az endi\u015fe do\u011furur. En son g\u00fcncellemeleri ve&nbsp;<strong>WPA3 geli\u015fmi\u015f \u015fifreleme<\/strong>&nbsp;deste\u011finin eklenmesi, benzeri g\u00f6r\u00fclmemi\u015f bir yaz\u0131l\u0131m g\u00fcvenli\u011fi sa\u011flar.<\/p>\n\n\n\n<p>\u00d6zetlemek gerekirse&nbsp;<strong> AYK-300, ev eri\u015fim noktas\u0131 d\u00fcnyas\u0131ndaki en h\u0131zl\u0131, en g\u00fcvenli ve en g\u00fc\u00e7l\u00fc se\u00e7enekler aras\u0131ndad\u0131r.&nbsp;<\/strong>Kablolu veya kablosuz. Ve piyasadaki en geli\u015fmi\u015f a\u011f yaz\u0131l\u0131ma sahiptir. Di\u011fer bir\u00e7ok sat\u0131c\u0131n\u0131n aksine, yapabileceklerinizi s\u0131n\u0131rlam\u0131yoruz. \u00d6deme duvarlar\u0131 veya kafa kar\u0131\u015ft\u0131r\u0131c\u0131 abonelikler yoktur. T\u00fcm cihazlar\u0131m\u0131z ayn\u0131 s\u0131n\u0131rs\u0131z i\u015fletim sistemini payla\u015f\u0131r.&nbsp;<strong>Hayal g\u00fcc\u00fc tek s\u0131n\u0131rlamad\u0131r.<\/strong><\/p>\n\n\n\n<p>    Baz\u0131lar\u0131 sorabilir \u2013 neden daha y\u00fcksek kablosuz h\u0131zlara ihtiyac\u0131m\u0131z var? Eh, say\u0131s\u0131z kullan\u0131m durumu daha \u00f6nce ba\u015far\u0131lmas\u0131 imkans\u0131z veya zordu. \u00d6rne\u011fin, kablosuz a\u011f \u00fczerinden b\u00fcy\u00fck medya dosyalar\u0131yla \u00e7al\u0131\u015fmak \u2013 her \u015feyi indirmeye ve y\u00fcklemeye gerek kalmadan. Ger\u00e7ekten bekleyecek vaktiniz var m\u0131? Bir Medium-Box al\u0131n ve hayattaki temel \u015feyler i\u00e7in daha fazla zaman kazan\u0131n.<\/p>\n\n\n\n<p><strong>\u00d6zellikler<\/strong><\/p>\n\n\n\n<figure class=\"wp-block-table is-style-stripes\"><table class=\"has-fixed-layout\"><tbody><tr><td>\u00dcr\u00fcn Kodu<\/td><td>C53UiG+5HPaxD2HPaxD<\/td><\/tr><tr><td>Yap\u0131<\/td><td>KOL 64bit<\/td><\/tr><tr><td>CPU<\/td><td>IPQ-6010 Serisi<\/td><\/tr><tr><td>CPU \u00e7ekirdek say\u0131s\u0131<\/td><td>4<\/td><\/tr><tr><td>CPU nominal frekans\u0131<\/td><td>otomatik (864 \u2013 1800) MHz<\/td><\/tr><tr><td>\u00c7ip modelini de\u011fi\u015ftir<\/td><td>IPQ-6010 Serisi<\/td><\/tr><tr><td>\u0130\u015fletim Sistemi<\/td><td>Y\u00f6nlendiriciOSv7<\/td><\/tr><tr><td>RAM boyutu<\/td><td>1 GB<\/td><\/tr><tr><td>Depolama boyutu<\/td><td>128 MB<\/td><\/tr><tr><td>Depolama t\u00fcr\u00fc<\/td><td>NAND<\/td><\/tr><tr><td>MTBF<\/td><td>25C\u2019de yakla\u015f\u0131k 200.000 saat<\/td><\/tr><tr><td>Test edilen ortam s\u0131cakl\u0131\u011f\u0131<\/td><td>-40\u00b0C ile 70\u00b0C aras\u0131<\/td><\/tr><tr><td>IPsec donan\u0131m h\u0131zland\u0131rma<\/td><td>Evet<\/td><\/tr><\/tbody><\/table><\/figure>\n\n\n\n<p><strong>Kablosuz \u00d6zellikler<\/strong><\/p>\n\n\n\n<figure class=\"wp-block-table is-style-stripes\"><table class=\"has-fixed-layout\"><tbody><tr><td>Kablosuz 2,4 GHz Maksimum veri h\u0131z\u0131<\/td><td>574 Mbit\/sn<\/td><\/tr><tr><td>Kablosuz 2,4 GHz zincir say\u0131s\u0131<\/td><td>2<\/td><\/tr><tr><td>Kablosuz 2,4 GHz standartlar\u0131<\/td><td>802.11b\/g\/n\/balta<\/td><\/tr><tr><td>2,4 GHz i\u00e7in anten kazanc\u0131 dBi<\/td><td>3.3<\/td><\/tr><tr><td>Kablosuz 2.4 GHz \u00e7ip modeli<\/td><td>QCN-5022 (\u0130ngilizce)<\/td><\/tr><tr><td>Kablosuz 2,4 GHz nesil<\/td><td>Wi-Fi 6<\/td><\/tr><tr><td>Kablosuz 5 GHz Maksimum veri h\u0131z\u0131<\/td><td>1200 Mbit\/sn<\/td><\/tr><tr><td>Kablosuz 5 GHz zincir say\u0131s\u0131<\/td><td>2<\/td><\/tr><tr><td>Kablosuz 5 GHz standartlar\u0131<\/td><td>802.11a\/n\/ac\/balta<\/td><\/tr><tr><td>5 GHz i\u00e7in anten kazanc\u0131 dBi<\/td><td>5.5<\/td><\/tr><tr><td>Kablosuz 5 GHz \u00e7ip modeli<\/td><td>QCN-5052 (\u0130ngilizce)<\/td><\/tr><tr><td>Kablosuz 5 GHz nesil<\/td><td>Wi-Fi 6<\/td><\/tr><tr><td>WiFi h\u0131z\u0131<\/td><td>AX1800 Serisi<\/td><\/tr><\/tbody><\/table><\/figure>\n\n\n\n<p><strong>Ethernet<\/strong><\/p>\n\n\n\n<figure class=\"wp-block-table is-style-stripes\"><table class=\"has-fixed-layout\"><tbody><tr><td>10\/100\/1000 Ethernet ba\u011flant\u0131 noktalar\u0131<\/td><td>4<\/td><\/tr><tr><td>PoE \u00e7\u0131k\u0131\u015fl\u0131 1G Ethernet ba\u011flant\u0131 noktas\u0131 say\u0131s\u0131<\/td><td>1<\/td><\/tr><tr><td>2.5G Ethernet ba\u011flant\u0131 noktas\u0131 say\u0131s\u0131<\/td><td>1<\/td><\/tr><\/tbody><\/table><\/figure>\n\n\n\n<p><strong>\u00c7evre Birimleri<\/strong><\/p>\n\n\n\n<figure class=\"wp-block-table is-style-stripes\"><table class=\"has-fixed-layout\"><tbody><tr><td>USB ba\u011flant\u0131 noktas\u0131 say\u0131s\u0131<\/td><td>1<\/td><\/tr><tr><td>USB G\u00fc\u00e7 S\u0131f\u0131rlama<\/td><td>Evet<\/td><\/tr><tr><td>USB yuvas\u0131 t\u00fcr\u00fc<\/td><td>USB 3.0 tip A<\/td><\/tr><tr><td>USB ak\u0131m\u0131 (A)<\/td><td>1.5<\/td><\/tr><\/tbody><\/table><\/figure>\n\n\n\n<p><strong>G\u00fc\u00e7<\/strong><\/p>\n\n\n\n<figure class=\"wp-block-table is-style-stripes\"><table class=\"has-fixed-layout\"><tbody><tr><td>DC giri\u015f say\u0131s\u0131<\/td><td>2 (DC jak\u0131, PoE-IN)<\/td><\/tr><tr><td>DC jak giri\u015fi Voltaj<\/td><td>12-28 V<\/td><\/tr><tr><td>Maksimum g\u00fc\u00e7 t\u00fcketimi<\/td><td>38 W<\/td><\/tr><tr><td>Eklentiler olmadan maksimum g\u00fc\u00e7 t\u00fcketimi<\/td><td>15 W<\/td><\/tr><tr><td>PoE giri\u015fi<\/td><td>Pasif PoE<\/td><\/tr><tr><td>So\u011futma tipi<\/td><td>Pasif<\/td><\/tr><tr><td>Giri\u015f Geriliminde PoE<\/td><td>18-28 V<\/td><\/tr><\/tbody><\/table><\/figure>\n\n\n\n<p><strong>PoE \u00c7\u0131k\u0131\u015f\u0131<\/strong><\/p>\n\n\n\n<figure class=\"wp-block-table is-style-stripes\"><table class=\"has-fixed-layout\"><tbody><tr><td>PoE \u00e7\u0131k\u0131\u015f ba\u011flant\u0131 noktalar\u0131<\/td><td>Eter 1<\/td><\/tr><tr><td>PoE \u00e7\u0131k\u0131\u015f\u0131<\/td><td>Pasif PoE<\/td><\/tr><tr><td>D\u00fc\u015f\u00fck voltajl\u0131 PoE-Out ak\u0131m limiti<\/td><td>0,625 Bir<\/td><\/tr><tr><td>Maksimum toplam \u00e7\u0131k\u0131\u015f (A)<\/td><td>0,625 Bir<\/td><\/tr><tr><td>Toplam \u00e7\u0131k\u0131\u015f ak\u0131m\u0131<\/td><td>0.625<\/td><\/tr><tr><td>Toplam \u00e7\u0131k\u0131\u015f g\u00fcc\u00fc<\/td><td>15<\/td><\/tr><\/tbody><\/table><\/figure>\n\n\n\n<p><strong>Sertifikasyon &amp; Onaylar<\/strong><\/p>\n\n\n\n<figure class=\"wp-block-table is-style-stripes\"><table class=\"has-fixed-layout\"><tbody><tr><td>Sertifikasyon<\/td><td>CE, FCC, IC, EAC, ROHS<\/td><\/tr><tr><td>IP<\/td><td>20<\/td><\/tr><\/tbody><\/table><\/figure>\n\n\n\n<p><strong>Kablosuz \u00d6zellikleri<\/strong><\/p>\n\n\n\n<figure class=\"wp-block-table is-style-stripes\"><table class=\"has-fixed-layout\"><tbody><tr><td>1 MBit\/sn<\/td><td>27<\/td><td>-100<\/td><\/tr><tr><td>11 MBit\/sn<\/td><td>27<\/td><td>-94<\/td><\/tr><tr><td>6 MBit\/sn\u2019de<\/td><td>29<\/td><td>-96<\/td><\/tr><tr><td>54 MBit\/sn\u2019de<\/td><td>27<\/td><td>-80<\/td><\/tr><tr><td>MCS0<\/td><td>29<\/td><td>-96<\/td><\/tr><tr><td>MCS7<\/td><td>26<\/td><td>-75<\/td><\/tr><tr><td>MCS9<\/td><td>24<\/td><td>-70<\/td><\/tr><tr><td>MCS11 Serisi<\/td><td>22<\/td><td>-67<\/td><\/tr><\/tbody><\/table><\/figure>\n\n\n\n<figure class=\"wp-block-table is-style-stripes\"><table class=\"has-fixed-layout\"><tbody><tr><td>6 MBit\/sn\u2019de<\/td><td>28<\/td><td>-96<\/td><\/tr><tr><td>54 MBit\/sn\u2019de<\/td><td>26<\/td><td>-80<\/td><\/tr><tr><td>MCS0<\/td><td>28<\/td><td>-96<\/td><\/tr><tr><td>MCS7<\/td><td>25<\/td><td>-75<\/td><\/tr><tr><td>MCS9<\/td><td>23<\/td><td>-70<\/td><\/tr><tr><td>MCS11 Serisi<\/td><td>20<\/td><td>-67<\/td><\/tr><\/tbody><\/table><\/figure>\n\n\n\n<p><strong>Di\u011fer<\/strong><\/p>\n\n\n\n<figure class=\"wp-block-table is-style-stripes\"><table class=\"has-fixed-layout\"><tbody><tr><td>CPU s\u0131cakl\u0131k monit\u00f6r\u00fc<\/td><td>Evet<\/td><\/tr><tr><td>Mod d\u00fc\u011fmesi<\/td><td>Evet<\/td><\/tr><\/tbody><\/table><\/figure>\n\n\n\n<div class=\"wp-block-columns is-layout-flex wp-container-core-columns-is-layout-9d6595d7 wp-block-columns-is-layout-flex\">\n<div class=\"wp-block-column is-layout-flow wp-block-column-is-layout-flow\">\n<div class=\"wp-block-buttons is-layout-flex wp-block-buttons-is-layout-flex\">\n<div class=\"wp-block-button\"><a class=\"wp-block-button__link wp-element-button\" href=\"https:\/\/cyberdome.com.tr\/index.php\/ayk-200\/\">AYK-200<\/a><\/div>\n\n\n\n<div class=\"wp-block-button\"><a class=\"wp-block-button__link wp-element-button\" href=\"https:\/\/cyberdome.com.tr\/index.php\/ayk-500\/\">AYK-500<\/a><\/div>\n\n\n\n<div class=\"wp-block-button\"><a class=\"wp-block-button__link wp-element-button\" href=\"https:\/\/cyberdome.com.tr\/index.php\/urunlerimiz\/\">Geri D\u00f6n<\/a><\/div>\n<\/div>\n<\/div>\n<\/div>\n\n\n\n<p><\/p>\n","protected":false},"excerpt":{"rendered":"<p>Birinci s\u0131n\u0131f AX ev eri\u015fim noktam\u0131z. T\u00fcm i\u015flem g\u00fcc\u00fc ve h\u0131z\u0131yla evinizin ihtiyac\u0131 olabilir. Gen 6 kablosuz, 2.5 Gigabit Ethernet, PoE, WPA3 ve daha fazlas\u0131! T\u00fcm eviniz i\u00e7in \u00fcst\u00fcn g\u00fc\u00e7&hellip;<\/p>\n","protected":false},"author":1,"featured_media":0,"parent":0,"menu_order":0,"comment_status":"closed","ping_status":"closed","template":"","meta":{"footnotes":""},"class_list":["post-166","page","type-page","status-publish","hentry"],"_links":{"self":[{"href":"https:\/\/cyberdome.com.tr\/index.php\/wp-json\/wp\/v2\/pages\/166","targetHints":{"allow":["GET"]}}],"collection":[{"href":"https:\/\/cyberdome.com.tr\/index.php\/wp-json\/wp\/v2\/pages"}],"about":[{"href":"https:\/\/cyberdome.com.tr\/index.php\/wp-json\/wp\/v2\/types\/page"}],"author":[{"embeddable":true,"href":"https:\/\/cyberdome.com.tr\/index.php\/wp-json\/wp\/v2\/users\/1"}],"replies":[{"embeddable":true,"href":"https:\/\/cyberdome.com.tr\/index.php\/wp-json\/wp\/v2\/comments?post=166"}],"version-history":[{"count":10,"href":"https:\/\/cyberdome.com.tr\/index.php\/wp-json\/wp\/v2\/pages\/166\/revisions"}],"predecessor-version":[{"id":426,"href":"https:\/\/cyberdome.com.tr\/index.php\/wp-json\/wp\/v2\/pages\/166\/revisions\/426"}],"wp:attachment":[{"href":"https:\/\/cyberdome.com.tr\/index.php\/wp-json\/wp\/v2\/media?parent=166"}],"curies":[{"name":"wp","href":"https:\/\/api.w.org\/{rel}","templated":true}]}}