{"id":419,"date":"2025-12-07T10:41:35","date_gmt":"2025-12-07T10:41:35","guid":{"rendered":"https:\/\/cyberdome.com.tr\/?page_id=419"},"modified":"2025-12-07T13:14:07","modified_gmt":"2025-12-07T13:14:07","slug":"ayk-500","status":"publish","type":"page","link":"https:\/\/cyberdome.com.tr\/index.php\/ayk-500\/","title":{"rendered":"AYK-500"},"content":{"rendered":"\n<p>Ba\u011flant\u0131 Y\u00f6nlendiricisi &#8211; SFP, SFP+ ve SFP28 y\u00f6netimi konusunda en iyi yolda\u015f\u0131n\u0131z! Tek bir cihazda 1, 10 ve 25 Gbps portlar\u0131 kullanarak hayat\u0131n\u0131z\u0131 kolayla\u015ft\u0131rabilirsiniz.<\/p>\n\n\n\n<p>Birinci s\u0131n\u0131f AX ev eri\u015fim noktam\u0131z. T\u00fcm i\u015flem g\u00fcc\u00fc ve h\u0131z\u0131yla evinizin ihtiyac\u0131 olabilir. Gen 6 kablosuz, 2.5 Gigabit Ethernet, PoE, WPA3 ve daha fazlas\u0131!<\/p>\n\n\n\n<div class=\"wp-block-columns is-layout-flex wp-container-core-columns-is-layout-9d6595d7 wp-block-columns-is-layout-flex\">\n<div class=\"wp-block-column is-layout-flow wp-block-column-is-layout-flow\">\n<figure class=\"wp-block-image size-full\"><img loading=\"lazy\" decoding=\"async\" width=\"1024\" height=\"944\" src=\"https:\/\/cyberdome.com.tr\/wp-content\/uploads\/2025\/12\/3-cihaz.png\" alt=\"\" class=\"wp-image-422\" srcset=\"https:\/\/cyberdome.com.tr\/wp-content\/uploads\/2025\/12\/3-cihaz.png 1024w, https:\/\/cyberdome.com.tr\/wp-content\/uploads\/2025\/12\/3-cihaz-300x277.png 300w, https:\/\/cyberdome.com.tr\/wp-content\/uploads\/2025\/12\/3-cihaz-768x708.png 768w\" sizes=\"auto, (max-width: 1024px) 100vw, 1024px\" \/><\/figure>\n<\/div>\n\n\n\n<div class=\"wp-block-column is-layout-flow wp-block-column-is-layout-flow\">\n<p><strong>T\u00fcm kullan\u0131m alanlar\u0131 i\u00e7in \u00fcst\u00fcn g\u00fc\u00e7<\/strong><\/p>\n\n\n\n<p class=\"has-text-align-left\">\u201c<strong>Uyum Sa\u011fla, \u0130mprovize Et, \u00dcstesinden Gel.<\/strong>\u201d yakla\u015f\u0131m\u0131 \u00e7o\u011fu zaman i\u015fe yarar, ancak bazen hi\u00e7bir ek u\u011fra\u015f gerektirmeden \u00e7al\u0131\u015fan ve sorunu do\u011frudan \u00e7\u00f6zen bir cihaza ihtiya\u00e7 duyars\u0131n\u0131z.\u00a0<strong>CCR2004\u20111G\u201112S+2XS<\/strong>\u00a0tam olarak bunu yapar \u2013 ba\u011flant\u0131 sorunlar\u0131n\u0131 unutun ve sisteminizi diledi\u011finiz gibi geni\u015fletin. Bu kompakt ama g\u00fc\u00e7l\u00fc router,\u00a0<strong>12 adet 10G SFP+<\/strong>\u00a0ve\u00a0<strong>2 adet 25G SFP28<\/strong>\u00a0portuna sahiptir.<\/p>\n\n\n\n<p><\/p>\n<\/div>\n<\/div>\n\n\n\n<p>CCR2004\u20111G\u201112S+2XS, \u015fimdiye kadarki en y\u00fcksek&nbsp;<strong>tek \u00e7ekirdek performans\u0131na sahip router\u0131m\u0131zd\u0131r.<\/strong>&nbsp;Tek t\u00fcnel performans\u0131nda (3.4 Gbps\u2019ye kadar) ve BGP ak\u0131\u015f i\u015flemede ola\u011fan\u00fcst\u00fc sonu\u00e7lar sunar.<\/p>\n\n\n\n<p>Her \u015feye haz\u0131r olun:\u00a0<strong>10G, 40G ve \u015fimdi 25G!<\/strong>\u00a0CRS317\u20111G\u201116S+RM, CRS312\u20114C+8XG\u2011RM ve CRS326\u201124S+2Q+RM gibi \u00e7ok portlu cyberdome cihazlar\u0131yla e\u015fle\u015fti\u011finde a\u011f altyap\u0131n\u0131z\u0131n s\u0131n\u0131rlar\u0131 ortadan kalkar. Performans a\u00e7\u0131s\u0131ndan CCR2004\u20111G\u201112S+2XS, \u00fcnl\u00fc CCR1009\/CCR1016 modelleriyle ayn\u0131 seviyededir. \u00dcstelik\u00a0<strong>\u00e7ift yedekli g\u00fc\u00e7 kayna\u011f\u0131<\/strong>\u00a0sayesinde beklenmedik kesintileri unutabilirsiniz!<\/p>\n\n\n\n<p>Bu geli\u015fmi\u015f port yap\u0131s\u0131 ile yeni CCR2004\u20111G\u201112S+2XS, profesyonel a\u011f altyap\u0131lar\u0131n\u0131n m\u00fckemmel bir tamamlay\u0131c\u0131s\u0131d\u0131r \u2013 zorlu durumlarda size b\u00fcy\u00fck zaman kazand\u0131r\u0131r!<br>RouterOS v7\u2019de RAM kapasitesi:&nbsp;<strong>4GB ECC<\/strong><\/p>\n\n\n\n<p><strong>\u00d6zellikler<\/strong><\/p>\n\n\n\n<figure class=\"wp-block-table is-style-stripes\"><table class=\"has-fixed-layout\"><tbody><tr><td>\u00dcr\u00fcn Kodu<\/td><td>CCR2004-1G-12S+2XS<\/td><\/tr><tr><td>Yap\u0131<\/td><td>ARM 64bit<\/td><\/tr><tr><td>CPU<\/td><td>AL32400<\/td><\/tr><tr><td>CPU \u00e7ekirdek say\u0131s\u0131<\/td><td>4<\/td><\/tr><tr><td>CPU nominal frekans\u0131<\/td><td>1700 MHz<\/td><\/tr><tr><td>CPU i\u015f par\u00e7ac\u0131\u011f\u0131 say\u0131s\u0131<\/td><td>4<\/td><\/tr><tr><td>\u0130\u015fletim Sistemi<\/td><td>RouterOS v7<\/td><\/tr><tr><td>RAM boyutu<\/td><td>4 GB<\/td><\/tr><tr><td>Depolama boyutu<\/td><td>128 MB<\/td><\/tr><tr><td>Depolama t\u00fcr\u00fc<\/td><td>NAND<\/td><\/tr><tr><td>MTBF<\/td><td>25\u00b0C de yakla\u015f\u0131k 200.000 saat<\/td><\/tr><tr><td>Test edilen ortam s\u0131cakl\u0131\u011f\u0131<\/td><td>-20\u00b0C ile 60\u00b0C aras\u0131<\/td><\/tr><tr><td>RouterOS Lisans\u0131<\/td><td>6<\/td><\/tr><\/tbody><\/table><\/figure>\n\n\n\n<p><strong>Ethernet<\/strong><\/p>\n\n\n\n<figure class=\"wp-block-table is-style-stripes\"><table class=\"has-fixed-layout\"><tbody><tr><td>10\/100\/1000 Ethernet portlar\u0131<\/td><td>1<\/td><\/tr><\/tbody><\/table><\/figure>\n\n\n\n<p><strong>Fiber<\/strong><\/p>\n\n\n\n<figure class=\"wp-block-table is-style-stripes\"><table class=\"has-fixed-layout\"><tbody><tr><td>SFP + portlar\u0131<\/td><td>12<\/td><\/tr><tr><td>25G SFP28 porlar\u0131n\u0131n say\u0131s\u0131<\/td><td>2<\/td><\/tr><\/tbody><\/table><\/figure>\n\n\n\n<p><strong>\u00c7evre Birimleri<\/strong><\/p>\n\n\n\n<figure class=\"wp-block-table is-style-stripes\"><table class=\"has-fixed-layout\"><tbody><tr><td>Seri konsol portu<\/td><td>RJ45<\/td><\/tr><\/tbody><\/table><\/figure>\n\n\n\n<p><strong>G\u00fc\u00e7<\/strong><\/p>\n\n\n\n<figure class=\"wp-block-table is-style-stripes\"><table class=\"has-fixed-layout\"><tbody><tr><td>AC giri\u015f say\u0131s\u0131<\/td><td>2 <\/td><\/tr><tr><td>AC jak giri\u015fi Voltaj<\/td><td>100-240<\/td><\/tr><tr><td>Maksimum g\u00fc\u00e7 t\u00fcketimi<\/td><td>60 W<\/td><\/tr><tr><td>Eklentiler olmadan maksimum g\u00fc\u00e7 t\u00fcketimi<\/td><td>31 W<\/td><\/tr><tr><td>So\u011futma tipi<\/td><td>2 A\u015famal\u0131<\/td><\/tr><\/tbody><\/table><\/figure>\n\n\n\n<p><strong>Sertifikasyon &amp; Onaylar<\/strong><\/p>\n\n\n\n<figure class=\"wp-block-table is-style-stripes\"><table class=\"has-fixed-layout\"><tbody><tr><td>Sertifikasyon<\/td><td>CE, EAC, ROHS<\/td><\/tr><tr><td>IP<\/td><td>20<\/td><\/tr><\/tbody><\/table><\/figure>\n\n\n\n<p><strong>Di\u011fer<\/strong><\/p>\n\n\n\n<figure class=\"wp-block-table is-style-stripes\"><table class=\"has-fixed-layout\"><tbody><tr><td>CPU s\u0131cakl\u0131k monit\u00f6r\u00fc<\/td><td>Evet<\/td><\/tr><tr><td>PCB s\u0131cakl\u0131k monit\u00f6r\u00fc<\/td><td>Evet<\/td><\/tr><tr><td>Voltaj monit\u00f6r\u00fc<\/td><td>Evet<\/td><\/tr><\/tbody><\/table><\/figure>\n\n\n\n<p>Cihaz\u0131n \u00f6nceden y\u00fckl\u00fc ve lisansl\u0131 bir i\u015fletim sistemi vard\u0131r. Ayr\u0131 bir sat\u0131n alma gerekmez ve \u00fcr\u00fcn kullan\u0131ma haz\u0131rd\u0131r. Cihaz, \u00fcr\u00fcn\u00fcn \u00f6mr\u00fc boyunca veya sat\u0131n alma tarihinden itibaren en az 5 y\u0131l boyunca \u00fccretsiz yaz\u0131l\u0131m g\u00fcncellemeleri i\u00e7erir.<\/p>\n\n\n\n<div class=\"wp-block-columns is-layout-flex wp-container-core-columns-is-layout-9d6595d7 wp-block-columns-is-layout-flex\">\n<div class=\"wp-block-column is-layout-flow wp-block-column-is-layout-flow\">\n<div class=\"wp-block-buttons is-layout-flex wp-block-buttons-is-layout-flex\">\n<div class=\"wp-block-button\"><a class=\"wp-block-button__link wp-element-button\" href=\"https:\/\/cyberdome.com.tr\/index.php\/ayk-200\/\">AYK-200<\/a><\/div>\n\n\n\n<div class=\"wp-block-button\"><a class=\"wp-block-button__link wp-element-button\" href=\"https:\/\/cyberdome.com.tr\/index.php\/ayk-300\/\">AYK-300<\/a><\/div>\n\n\n\n<div class=\"wp-block-button\"><a class=\"wp-block-button__link wp-element-button\" href=\"https:\/\/cyberdome.com.tr\/index.php\/urunlerimiz\/\">Geri D\u00f6n<\/a><\/div>\n<\/div>\n<\/div>\n<\/div>\n\n\n\n<p><\/p>\n","protected":false},"excerpt":{"rendered":"<p>Ba\u011flant\u0131 Y\u00f6nlendiricisi &#8211; SFP, SFP+ ve SFP28 y\u00f6netimi konusunda en iyi yolda\u015f\u0131n\u0131z! Tek bir cihazda 1, 10 ve 25 Gbps portlar\u0131 kullanarak hayat\u0131n\u0131z\u0131 kolayla\u015ft\u0131rabilirsiniz. Birinci s\u0131n\u0131f AX ev eri\u015fim noktam\u0131z.&hellip;<\/p>\n","protected":false},"author":1,"featured_media":0,"parent":0,"menu_order":0,"comment_status":"closed","ping_status":"closed","template":"","meta":{"footnotes":""},"class_list":["post-419","page","type-page","status-publish","hentry"],"_links":{"self":[{"href":"https:\/\/cyberdome.com.tr\/index.php\/wp-json\/wp\/v2\/pages\/419","targetHints":{"allow":["GET"]}}],"collection":[{"href":"https:\/\/cyberdome.com.tr\/index.php\/wp-json\/wp\/v2\/pages"}],"about":[{"href":"https:\/\/cyberdome.com.tr\/index.php\/wp-json\/wp\/v2\/types\/page"}],"author":[{"embeddable":true,"href":"https:\/\/cyberdome.com.tr\/index.php\/wp-json\/wp\/v2\/users\/1"}],"replies":[{"embeddable":true,"href":"https:\/\/cyberdome.com.tr\/index.php\/wp-json\/wp\/v2\/comments?post=419"}],"version-history":[{"count":5,"href":"https:\/\/cyberdome.com.tr\/index.php\/wp-json\/wp\/v2\/pages\/419\/revisions"}],"predecessor-version":[{"id":436,"href":"https:\/\/cyberdome.com.tr\/index.php\/wp-json\/wp\/v2\/pages\/419\/revisions\/436"}],"wp:attachment":[{"href":"https:\/\/cyberdome.com.tr\/index.php\/wp-json\/wp\/v2\/media?parent=419"}],"curies":[{"name":"wp","href":"https:\/\/api.w.org\/{rel}","templated":true}]}}